vert -83215 (base 13) to base 3.
-102221221211
Convert 110101000000100001000 (base 2) to base 16.
1a8108
Convert 554140 (base 6) to base 15.
daa9
-bdd56 (base 16) to base 9
-1414543
Convert 12122300131 (base 4) to base 16.
19ac1d
What is 626aa (base 13) in base 2?
101011001100010010
Convert -18bd5 (base 15) to base 4.
-103212230
Convert 539216 (base 10) to base 14.
100716
What is -1732a9 (base 14) in base 10?
-815509
Convert -10132b (base 13) to base 8.
-1332422
d987a (base 14) to base 15
a5bc0
What is 11065072 (base 8) in base 12?
9710a2
-16b19 (base 13) to base 3
-2012211201
What is 5c5649 (base 13) in base 9?
4140242
Convert 2141134043 (base 5) to base 3.
22201020212212
-1c899d (base 15) to base 7
-14603053
Convert -57108 (base 16) to base 13.
-c6420
-241041234 (base 5) to base 8
-4174005
203112133 (base 4) to base 12
6b967
What is 1243907 (base 10) in base 16?
12fb03
Convert -22b81 (base 14) to base 10.
-84589
Convert 4ac0b (base 13) to base 10.
138253
-320121031 (base 4) to base 5
-24342424
What is -551260 (base 13) in base 11?
-1148054
Convert -12202012110 (base 4) to base 2.
-110100010000110010100
-400918 (base 11) to base 10
-645312
-3157237 (base 8) to base 15
-119d83
-126b5 (base 14) to base 4
-23002313
110110211101120 (base 3) to base 2
11001010010100110110011
Convert 245237 (base 10) to base 7.
2040656
What is 452035 (base 8) in base 11?
a4722
What is 27007175 (base 8) in base 13?
1333047
What is 1420646 (base 7) in base 8?
563067
Convert -3c381 (base 16) to base 9.
-415313
What is -1026663 (base 7) in base 8?
-363660
-143368 (base 11) to base 15
-465b5
Convert 1406222 (base 9) to base 12.
312a55
132446 (base 7) to base 6
311222
Convert 6433646 (base 8) to base 4.
12203132212
Convert -511151 (base 8) to base 15.
-34e1d
Convert 10330311133 (base 4) to base 2.
100111100110101011111
What is 2213113422 (base 5) in base 9?
10051280
653838 (base 11) to base 13
2a7572
What is 259513 (base 10) in base 12?
106221
What is 3def (base 16) in base 10?
15855
Convert 214010433 (base 5) to base 14.
1a0334
Convert -10b1bb9 (base 12) to base 6.
-152543553
Convert -7525444 (base 8) to base 6.
-111025020
Convert -11222012012 (base 3) to base 12.
-48742
-1158732 (base 9) to base 7
-5231633
Convert -23a740 (base 14) to base 10.
-1219764
-322443114 (base 5) to base 8
-5175100
Convert 40a68f (base 16) to base 14.
7c410b
Convert -11431130 (base 6) to base 3.
-200101101000
-160654 (base 9) to base 14
-280bc
Convert -2032131322 (base 4) to base 5.
-122133141
What is 114411301 (base 5) in base 4?
2010331000
Convert -4230310431 (base 5) to base 2.
-100001101101110001100001
What is -1321102221 (base 4) in base 8?
-1712251
Convert -2b7ba (base 12) to base 8.
-170276
Convert 70688 (base 12) to base 2.
100011101011001000
What is a4650 (base 11) in base 9?
252181
-103e (base 16) to base 12
-24a6
What is 3635416 (base 9) in base 11?
1127896
Convert a2399 (base 11) to base 2.
100100100000100111
What is 5057582 (base 11) in base 5?
4242103042
1012001222111 (base 3) to base 11
3a133a
Convert -258631 (base 9) to base 16.
-26641
Convert 1101010231 (base 4) to base 8.
1210455
Convert 15128526 (base 9) to base 3.
112010222120220
What is -4540110 (base 6) in base 11?
-148395
Convert -106548 (base 13) to base 2.
-1011110000101100100
1010110010100101111110 (base 2) to base 6
140343410
What is 14aa39 (base 13) in base 3?
221212112221
What is 876257 (base 10) in base 3?
1122111222222
-1216436 (base 9) to base 3
-1020120111020
What is -1d82136 (base 14) in base 10?
-14834308
-875366 (base 10) to base 2
-11010101101101100110
What is 11020221210211 (base 3) in base 15?
2ea651
-110001111101101000110 (base 2) to base 12
-66b546
What is -111001100100010 (base 2) in base 9?
-44378
-806b4 (base 15) to base 13
-113059
Convert 7bd8 (base 14) to base 16.
5432
What is -7321 (base 12) in base 10?
-12553
What is 102122212100 (base 3) in base 4?
320002200
What is 112132 (base 6) in base 10?
9560
-120112200120 (base 3) to base 15
-609bc
Convert 16766 (base 11) to base 5.
1223141
Convert 24656544 (base 7) to base 2.
1000100001001000100000
Convert 323223 (base 7) to base 11.
39393
What is -6756614 (base 9) in base 12?
-1276357
What is -a27a9 (base 13) in base 16?
-471fe
Convert -24e6dc (base 16) to base 11.
-1401a82
-1987b32 (base 13) to base 10
-8414213
Convert -1060066 (base 10) to base 2.
-100000010110011100010
Convert 12750441 (base 8) to base 10.
2871585
Convert -3334681 (base 9) to base 3.
-10101011202201
-225c7 (base 14) to base 13
-2bcc2
Convert -148732 (base 15) to base 14.
-1bad7b
Convert -201021221120 (base 3) to base 14.
-9c586
What is -57137165 (base 8) in base 6?
-1121042153
Convert 1240141 (base 7) to base 6.
3241041
What is -23d51 (base 14) in base 16?
-15683
What is -b66a3 (base 14) in base 6?
-13234411
What is 123130023 (base 4) in base 5?
12044040
Convert 122220033 (base 4) to base 16.
1aa0f
-76427 (base 14) to base 12
-119757
What is -2432411 (base 7) in base 10?
-310619
What is 23025054 (base 6) in base 11?
440648
Convert 314041034 (base 5) to base 16.
141148
-1012102002002 (base 3) to base 15
-c903b
What is -2027 (base 11) in base 10?
-2691
Convert -3165847 (base 9) to base 5.
-413301244
What is -849426 (base 11) in base 13?
-387a21
Convert -31023032232 (base 4) to base 7.
-41233410
What is 14ba59a (base 12) in base 15?
587901
20023311201 (base 4) to base 3
11001000020220
Convert -473aa (base 13) to base 16.
-1fcde
242434422 (base 7) to base 16
e6f16f
-120201012111112 (base 3) to base 8
-37663642
4403400 (base 8) to base 9
2200561
What is 1550711 (base 11) in base 2?
1010000111001100000000
-1100010111101001110 (base 2) to base 7
-3305465
Convert b9b704 (base 13) to base 16.
42a122
What is 1165cc (base 13) in base 8?
1450541
What is 391015 (base 10) in base 11?
247859
-1411120201 (base 5) to base 14
-6a0da9
Convert 15021 (base 15) to base 16.
107cb
-53e08 (base 16) to base 3
-122110021110
50288 (base 12) to base 7
612263
Convert -289971 (base 14) to base 10.
-1409535
What is 202111321 (base 4) in base 9?
233854
Convert 10110100110110011101 (base 2) to base 13.
1cc22c
44634503 (base 7) to base 2
1110110001111010000001
What is -1010011010100001 (base 2) in base 10?
-42657
Convert 7486371 (base 10) to base 8.
34435643
Convert -35124215 (base 7) to base 3.
-12210120122212
845740 (base 9) to base 7
4163064
What is -144305 (base 9) in base 14?
-24345
Convert 101101011111101111110 (base 2) to base 4.
11223331332
What is -55455 (base 9) in base 16?
-8fd8
Convert -310202323 (base 4) to base 9.
-357211
283688 (base 10) to base 11
184159
Convert 22000110002 (base 3) to base 2.
100110100001011110
Convert -217047 (base 12) to base 10.
-530551
1031012033 (base 5) to base 2
1000011010000101110010
Convert 3402267 (base 9) to base 14.
3599d6
Convert -279341 (base 10) to base 7.
-2242256
Convert -1745e (base 16) to base 7.
-544630
-30203162 (base 8) to base 10
-6358642
Convert 1202100 (base 3) to base 10.
1278
What is 11ba30 (base 13) in base 15?
86235
Convert 221024330 (base 5) to base 16.
e9255
Convert -218058 (base 12) to base 4.
-2001331010
What is 425903 (base 10) in base 14?
b12d9
What is -432222 (base 8) in base 10?
-144530
Convert 1ed6d (base 15) to base 12.
4a487
What is 5361266 (base 8) in base 15?
1d4e99
Convert 3a7754 (base 11) to base 12.
26a2b6
4371627 (base 10) to base 3
22020002202010
-bb4c (base 15) to base 10
-39672
Convert 4463373 (base 9) to base 8.
11126756
What is 42508a (base 11) in base 16?
a612f
Convert 4211044 (base 5) to base 10.
69524
What is 12011110121112 (base 3) in base 2?
1010011110001100101011
-45012014 (base 6) to base 13
-385846
What is 352113 (base 8) in base 15?
257c3
What is -1bb64b (base 14) in base 5?
-223214302
What is -5cd98 (base 16) in base 5?
-44132222
What is 974633 (base 10) in base 11?
606290
What is 4243433413 (base 5) in base 2?
100010001101011100101111
1288a43 (base 11) to base 15
2dd89b
Convert -113141130 (base 7) to base 15.
-929960
Convert -161517 (base 8) to base 14.
-172c7
What is 1da13 (base 15) in base 11?
66781
Convert -382e2 (base 16) to base 11.
-147985
Convert -200101435 (base 6) to base 13.
-90b951
23540436 (base 7) to base 5
1014001040
Convert 24352b4 (base 12) to base 5.
3300213233
What is -497a0 (base 14) in base 16?
-2be